he prime factors of j.
2053
Let y(j) = -j**3 - 7*j**2 - 24*j - 104. What are the prime factors of y(-10)?
2, 109
Let h(l) = -l**2 + 5*l - 6. Let j be h(4). Let q be 5 + j + 3 + 2. What are the prime factors of q*(12/(-8) - -2)?
2
Let l(r) = r - 7. Let f be -10*(10/35 - 9/7). What are the prime factors of l(f)?
3
Let h = 234 - -326. What are the prime factors of h?
2, 5, 7
Suppose -20561 = -5*a - b, 4*a = -4*b - 6372 + 22824. List the prime factors of a.
2, 257
Suppose -8*s = -17*s + 4725. List the prime factors of s.
3, 5, 7
Suppose -4*c + 212 - 7 = -a, 5 = -5*a. Let r = c + -23. List the prime factors of r.
2, 7
Let l(j) = -j**3 - 18*j**2 + 10*j - 13. What are the prime factors of l(-23)?
2, 1201
Suppose -5*x - 19*x + 108648 = 0. What are the prime factors of x?
3, 503
Let u = 17 + -10. Suppose 48 = u*x - x. Suppose 3*c + 35 = x*c. What are the prime factors of c?
7
Let j be ((-24)/(-5) - 9/(-45)) + -1. Suppose j*y - 57 = 75. List the prime factors of y.
3, 11
Suppose -6*t = -2*t + 3*x + 103, -t + 3*x - 7 = 0. Let c be 92/22 - (-4)/t. List the prime factors of 13 + 40 - (0 + c).
7
Suppose -2*n = 0, 7*m = 5*m + 3*n + 10646. What are the prime factors of m?
5323
Suppose 245*r - 240*r - 6157 = -4*j, -6169 = -5*r + 2*j. What are the prime factors of r?
3, 137
Suppose 2*b - 3*q - 169 = 64, 4*b - 469 = 5*q. What are the prime factors of b?
11
Suppose 5*m - 11*i + 9*i = 17115, 5*i - 3450 = -m. What are the prime factors of m?
5, 137
Let l(c) = -447*c. List the prime factors of l(-1).
3, 149
List the prime factors of (-26756)/(-14) + (-70)/490.
3, 7, 13
Suppose -h = 3*h - 5*x + 356, -4*x - 16 = 0. Let f = -50 - h. What are the prime factors of f?
2, 11
Let x be -4 + (6/2 - -4). Suppose -32 = -x*y + 61. What are the prime factors of y?
31
Suppose 0 = -6*y + 29 + 43. What are the prime factors of (y/3 - 2) + 94 + -1?
5, 19
Let s = 71 + -47. Let x = -15 + s. Suppose -3 = -g + x. What are the prime factors of g?
2, 3
Let f be (2/3)/((-614)/618 + 1). What are the prime factors of (-54)/(-18) - (-1 - f)?
107
Suppose 3*d = -z + 630, -8*d - 4*z - 645 = -11*d. What are the prime factors of d?
211
Suppose -4*x + 0*w + 517 = -3*w, -5*x = -w - 660. Let y = x - 69. What are the prime factors of y?
2
Let j(x) = x**3 + 2*x**2 + 4*x - 6. Let r(q) = q + 7. Let c be r(-3). List the prime factors of j(c).
2, 53
Let i = -69 + 65. What are the prime factors of 1/(-1)*(-10 - i)?
2, 3
Suppose -4*w = -3*w - 192. List the prime factors of (1/(-2))/((-8 + 5)/w).
2
Suppose -6*b + 5350 - 28 = 0. List the prime factors of b.
887
Let j = 2 + -1. Suppose 5*s + 9 = 14*s. List the prime factors of -4*s/(-4) + j.
2
Let t be (-16 + -14)*(-4)/(-10). List the prime factors of 3/(t/(-320)) - 4.
2, 19
Suppose 2*c - 1556 + 422 = 0. What are the prime factors of c?
3, 7
Let d = -1048 - -1642. List the prime factors of d.
2, 3, 11
Suppose -1466 = -2*l - 4*k, -7*k + 3655 = 5*l - 2*k. What are the prime factors of l?
3
Let s(f) = -3*f - 15. Let r be s(-6). Suppose 2*o = o + r. List the prime factors of ((-150)/(-9))/(2/o).
5
Let r = -47 + 50. Suppose -r*c - 38 = -419. List the prime factors of c.
127
Suppose 2*y - 2710 = -3*j, 0 = -11*y + 12*y - 2. What are the prime factors of j?
2, 11, 41
Let v = -529 + 1973. What are the prime factors of v?
2, 19
Suppose 27*p - 29*p - 4291 = -z, -3*z = -2*p - 12869. What are the prime factors of z?
4289
Suppose 47 = 6*k - 301. List the prime factors of 3 - (4 - k/4*14).
2, 101
Let t(n) = -39*n + 12. Let r be t(-7). Suppose -6*f + f = -r. What are the prime factors of f?
3, 19
Let d(t) be the second derivative of -11*t**3/2 + 3*t**2/2 + 26*t. What are the prime factors of d(-4)?
3, 5
Let a(j) = -395*j - 549. List the prime factors of a(-8).
7, 373
Suppose 256 = q - 2*s, -13*s + 12*s + 3 = 0. What are the prime factors of q?
2, 131
Suppose -3 = 3*t - 2*t, -3*h = -2*t + 1962. What are the prime factors of ((-3)/(-12))/((-4)/h)?
41
Suppose 5*n + 4*t - 2969 = 0, -31*n + 3001 = -26*n - 4*t. What are the prime factors of n?
3, 199
Let p = 693 + -491. Suppose -4*a - 5*c + 201 = 0, -4*a - 2*c + 198 = -0*c. Suppose 3*i - p = -a. List the prime factors of i.
3, 17
Suppose 285 = g - 4*w, -2*g + 1341 = 3*g + w. List the prime factors of g.
269
Let o(d) = 6 - 8*d - 5*d - d**2 + 13. Suppose v + 8*r + 23 = 3*r, 0 = 4*v - 3*r + 46. What are the prime factors of o(v)?
19
Let w = 150 - 150. Suppose -p - 4 + 45 = w. What are the prime factors of p?
41
Let t = -1123 + 1815. What are the prime factors of t?
2, 173
Suppose 3*h = -0*h - 3. Let m(a) = -11 + 17 - 7 + 21*a**2. What are the prime factors of m(h)?
2, 5
Let o = -1 + -4. Let h(c) = -c**2 - c + 11. Let f be h(o). Let m(p) = p**3 + 11*p**2 + 12*p - 10. What are the prime factors of m(f)?
2, 11
Let f(o) = -33*o**2 + 5*o + 7. Let s(r) = -32*r**2 + 5*r + 6. Let n(b) = 4*f(b) - 5*s(b). What are the prime factors of n(3)?
5, 47
Let v = 16 - 14. Suppose -2*o - 13 = -0*o - 5*u, -v*o = -4*u + 12. List the prime factors of (-68)/(-5) + o/(-10).
2, 7
Suppose -69*c + 9536 = -66*c - 2*z, -2*z = 4*c - 12710. List the prime factors of c.
2, 7, 227
Let i be 117/((4/(-12))/((-2)/9)). Suppose i*x = 81*x - 12. List the prime factors of x.
2
Suppose 5*o = 4*p - 1498, 5*o + 297 = -3*p + 1438. What are the prime factors of p?
13, 29
Let r be (-3)/(-1)*(-5)/(-3). Let x(c) = -3*c**2 - 11*c + 6. Let u(g) = g**2 + g - 1. Let t(m) = -4*u(m) - x(m). What are the prime factors of t(r)?
2
Suppose 4*r = -2*v - 2, -2*r = -2*v + 5*v + 11. Suppose -t + r*s - 6*s + 63 = 0, -235 = -4*t + s. What are the prime factors of t?
59
Let g = -98 - -188. Suppose 2*p + g = 4*p. List the prime factors of p.
3, 5
Suppose 486*h = 481*h + 22695. What are the prime factors of h?
3, 17, 89
Let y(n) = -3*n**2 - 2*n + 431. What are the prime factors of y(0)?
431
Let d(v) be the first derivative of 21*v**3/2 - v**2 - 3*v + 10. Let i(y) be the first derivative of d(y). List the prime factors of i(1).
61
Suppose 0 = 18*l - 3140 - 1972. List the prime factors of l.
2, 71
Suppose -3*j - 9 = y + 2*y, -3*y - 4*j - 12 = 0. Suppose 2*f = -2*u + 30, 5*u = -f - y - 1. List the prime factors of f.
19
Let s = -2413 + 3544. List the prime factors of s.
3, 13, 29
Suppose -z + 12 = 3*x, 12 = 3*x + 2*z - 7*z. Suppose -3*a + 5*q = -15, 2*a - 4*a - x*q = 12. What are the prime factors of 20 + 0 + 2 + a?
2, 11
Suppose 106 = 2*w - 446. List the prime factors of w.
2, 3, 23
Suppose -448 = -j - 3*g, 2*j - 906 = g + 3*g. What are the prime factors of j?
11, 41
Let i = -10 - -4. What are the prime factors of ((-165)/i)/(8/16)?
5, 11
Let i = 98 + -65. Suppose -59 = -3*t - k, 0*t + 38 = t + 4*k. Let p = i - t. What are the prime factors of p?
3, 5
Suppose 5*t - 96 = -2*u - u, 4*u = -4*t + 136. Suppose -2*y - 46 = d, -5*d - 2*y = 201 + u. What are the prime factors of ((-54)/(-8))/((-12)/d)?
3
Suppose -p = 3*p - 60. Suppose 7*a - p = 4*a. Suppose a*x + g - 71 = 62, g + 23 = x. What are the prime factors of x?
2, 13
Suppose -34*d + 36881 + 18845 = 0. List the prime factors of d.
11, 149
Suppose -17*m = -21*m + 100. Let t = 29 - m. What are the prime factors of t?
2
Suppose 0 = t + 162 - 155. Let p(m) = -8*m + 59. What are the prime factors of p(t)?
5, 23
Suppose 0 = -2*l + o - 4, 9*o - 16 = -5*l + 5*o. What are the prime factors of -138*(-3)/(3 + l)?
2, 3, 23
Let w(h) = 5*h**2 + 3*h + 1. Let u(z) = 14*z**2 + 9*z + 3. Let l(p) = -3*u(p) + 8*w(p). Let b be l(6). What are the prime factors of b/(-4) - (-12)/(-16)?
2, 11
Let g = 26 - 7. Suppose -4*j - v + g = 0, 0 = j - 2*v + 3 - 1. Let q = j + -1. What are the prime factors of q?
3
Suppose 0 = 8*x - 6*x. Suppose 0 = -4*y - a - 6, y - 4 = -x*y - 3*a. List the prime factors of y/(-7) - 618/(-42).
3, 5
Let r(k) = k + 2. Suppose -4*g = g + 20. Let u(l) = l + 1. Let q(i) = g*r(i) + 5*u(i). List the prime factors of q(8).
5
Let g = -11 - -11. Suppose -3*b + 21 = -g*b. Suppose -b*f = 96 - 516. What are the prime factors of f?
2, 3, 5
Suppose 5*x = 11*x - 6048. Suppose 5*t - 14*t = -x. What are the prime factors of t?
2, 7
What are the prime factors of (32900/(-15))/(-14)*3?
2, 5, 47
Suppose -5*q + 2440 = -0*l - l, 0 = -5*q - 2*l + 2455. What are the prime factors of q?
3, 163
Suppose -3*m - 11 = 3*z + 1, 4*m + 5*z + 13 = 0. What are the prime factors of 7/(m